 + 90*h + 176. Give p(-9).
176
Let l(k) = -11*k - 323. Determine l(0).
-323
Let u(x) = 16*x - 178. What is u(-4)?
-242
Let r(a) = -a**2 + 42*a - 427. Give r(25).
-2
Let j(h) = -1117*h - 7796. Give j(-7).
23
Let x(v) = -2*v**2 - 100*v + 320. Give x(3).
2
Let h(v) = -v**3 - 2*v**2 + 69*v + 78. Give h(-9).
24
Let u(o) = -2*o**2 - 212*o + 2070. Determine u(9).
0
Let k(n) = -35*n**3 + 5*n**2 - 16*n + 10. Determine k(3).
-938
Let t(m) = -54*m - 56. Calculate t(-12).
592
Let p(a) = 622*a - 2590. What is p(4)?
-102
Let s(r) = -2*r**3 + 172*r**2 + 169*r + 404. Determine s(87).
-31
Let k(s) = 33*s**3 + 12*s**2 - 14*s + 4. Calculate k(1).
35
Let i(o) = o**2 + 30*o - 137. Calculate i(-26).
-241
Let s(z) = -2*z**3 + 3*z**2 + z - 1. Give s(2).
-3
Let z(j) = j**2 - 2020*j - 26417. Determine z(-13).
12
Let q(b) = 7*b + 503. What is q(-73)?
-8
Let z(h) = 40*h + 156. Give z(-2).
76
Let a(z) = -z**3 - 107*z**2 + 908*z - 1392. What is a(-115)?
-12
Let k(q) = q**3 + 13*q**2 + 7*q + 2. Give k(-5).
167
Let o(f) = 53*f - 6829. Give o(129).
8
Let g(l) = l**3 + 8*l**2 + 8*l - 12. What is g(-6)?
12
Let s(j) = -11*j**3 - 80*j**2 - 17*j - 49. Calculate s(-7).
-77
Let n(u) = 12*u - 208. What is n(-29)?
-556
Let g(d) = -d**3 - 41*d**2 - 111*d + 54. Give g(-38).
-60
Let a(p) = p**2 - 476*p - 7874. What is a(-16)?
-2
Let x(d) = 27*d**3 - 4*d**2 - 8*d - 4. What is x(-1)?
-27
Let s(m) = 5*m**2 - 250*m - 5269. Give s(66).
11
Let n(m) = m**3 + 15*m**2 + 5*m + 61. Determine n(-15).
-14
Let u(d) = -2*d**3 + 76*d**2 - 379*d - 36. Calculate u(32).
124
Let k(g) = 67*g + 879. Give k(-12).
75
Let q(h) = 111*h**2 - 127*h + 6. Calculate q(3).
624
Let n(z) = 81*z - 604. Give n(6).
-118
Let a(f) = 16*f**2 - 3*f + 17. Determine a(-4).
285
Let h(u) = -22*u + 824. What is h(40)?
-56
Let z(p) = 1359*p + 1350. Determine z(-1).
-9
Let q(k) = -4*k**3 - 10*k**2 - 24*k - 1. Determine q(-6).
647
Let g(f) = 120*f + 1169. What is g(-4)?
689
Let h(v) = 3*v**3 + 47*v**2 - 512*v - 122. Give h(-23).
16
Let s(y) = 27*y - 1078. Calculate s(34).
-160
Let y(q) = 155*q - 35. Calculate y(1).
120
Let h(y) = 10*y + 689. Give h(-69).
-1
Let r(f) = -276*f + 15722. Give r(57).
-10
Let s(b) = b**3 + 33*b**2 + 107*b + 504. Give s(-30).
-6
Let o(v) = v**2 + 29*v - 209. Calculate o(6).
1
Let r(z) = 48*z + 1285. Calculate r(-24).
133
Let b(v) = 488*v + 3823. What is b(-8)?
-81
Let y(q) = -q**3 + 11*q**2 - 9*q - 30. Determine y(10).
-20
Let d(u) = 30*u - 39. Calculate d(2).
21
Let f(l) = l**2 - 9*l + 94. Give f(-17).
536
Let r(p) = -148*p - 591. Give r(-4).
1
Let b(y) = 3*y**2 - 44*y + 63. Give b(16).
127
Let c(a) = a**3 - 21*a**2 - 32*a + 1555. What is c(18)?
7
Let d(b) = 288*b - 2604. What is d(9)?
-12
Let x(v) = v**2 - 135*v + 3566. Calculate x(36).
2
Let g(z) = -67*z - 299. Determine g(-7).
170
Let d(b) = b**3 - 24*b**2 - 112*b - 44. What is d(28)?
-44
Let l(w) = w**2 - 11*w + 10. Calculate l(8).
-14
Let i(u) = u**2 - 289*u - 7847. Determine i(-25).
3
Let s(n) = -627*n + 5638. What is s(9)?
-5
Let r(d) = -10502*d + 241554. Calculate r(23).
8
Let t(d) = -d**3 + d**2 + 29*d - 46. Calculate t(5).
-1
Let f(y) = y**2 + 18*y - 33. Determine f(-24).
111
Let n(k) = 1149*k + 1. Give n(0).
1
Let m(y) = -y**3 + 11*y**2 - 3*y + 29. Determine m(11).
-4
Let d(n) = n**3 - 58*n**2 + 216*n - 120. Determine d(54).
-120
Let s(x) = 592*x + 2414. Calculate s(-4).
46
Let r(h) = 14*h**2 + 867*h - 89. Calculate r(-62).
-27
Let q(v) = -v**3 - 15*v**2 - 50*v + 23. Give q(-8).
-25
Let b(c) = 2*c**2 + 309*c + 1812. Give b(-6).
30
Let d(s) = -s**3 - 24*s**2 - 131*s + 7. Determine d(-9).
-29
Let k(d) = -d**3 + 3*d**2 + 51*d + 59. Determine k(7).
220
Let d(u) = 6*u**3 + 6*u**2 + 3*u + 8. Give d(-2).
-22
Let l(w) = -485*w + 13576. Determine l(28).
-4
Let a(y) = -7*y - 105. Calculate a(-14).
-7
Let n(t) = 76*t**3 - 5*t**2 - 5*t - 1. Determine n(-1).
-77
Let j(o) = o**2 - 14141*o - 11. Calculate j(0).
-11
Let s(i) = -22*i**2 + 91*i - 21. Calculate s(4).
-9
Let y(x) = x**2 + 2388*x - 33632. Give y(14).
-4
Let r(p) = -p**3 + 13*p**2 + 34*p - 17. Give r(15).
43
Let i(s) = -4*s**3 - 1287*s**2 - 965*s - 639. What is i(-321)?
3
Let d(k) = 298*k**3 - 2*k**2 + k + 3. Determine d(-1).
-298
Let l(g) = -456*g + 7767. Give l(17).
15
Let o(y) = -2*y**2 + 475*y - 20198. Give o(182).
4
Let v(t) = -3530*t - 42356. What is v(-12)?
4
Let d(q) = -80*q - 41. Determine d(1).
-121
Let d(o) = -o**3 + 17*o**2 + 38*o. What is d(19)?
0
Let p(n) = 2*n**2 - 27*n + 60. What is p(11)?
5
Let z(q) = 19*q + 1961. What is z(-88)?
289
Let t(g) = 2*g**3 + 26*g**2 + 36*g + 10. Determine t(-11).
98
Let w(l) = -2*l**2 - 59*l + 87. Calculate w(-26).
269
Let l(r) = r**3 - 6*r**2 + 42*r - 31. Determine l(7).
312
Let v(g) = 130*g + 5. Determine v(0).
5
Let f(s) = -36*s + 2218. What is f(62)?
-14
Let g(a) = -8*a**2 + 361*a + 36. Determine g(45).
81
Let j(m) = -2*m**2 - 42*m - 273. What is j(-12)?
-57
Let i(a) = -2*a**2 - 57*a - 48. Determine i(-27).
33
Let p(b) = b**2 + 94*b + 1175. Calculate p(-15).
-10
Let i(x) = x**3 + 9*x**2 - 96*x + 14. What is i(7)?
126
Let f(i) = i**3 - 76*i**2 + 69*i + 212. Determine f(75).
-238
Let y(j) = j**2 + 23*j - 411. Calculate y(11).
-37
Let z(f) = -2*f**3 + 34*f**2 + 3*f + 16. What is z(17)?
67
Let i(h) = -11*h**3 + 7*h**2 - 16*h + 35. What is i(3)?
-247
Let a(x) = -64*x - 330. Determine a(-5).
-10
Let b(v) = -21*v + 310. Calculate b(15).
-5
Let a(p) = -4*p**3 - 219*p**2 + 63*p + 442. What is a(-55)?
2
Let m(p) = 413*p**3 - 3*p + 3. Calculate m(1).
413
Let u(s) = 49*s + 711. Determine u(-16).
-73
Let g(s) = -118*s**2 + 1066*s + 6. Calculate g(9).
42
Let k(i) = -i**2 + 17*i + 36. Give k(15).
66
Let q(k) = 86*k - 8891. Give q(103).
-33
Let k(i) = -14462*i + 43384. What is k(3)?
-2
Let a(t) = t**3 + 36*t**2 + 6*t + 226. Determine a(-36).
10
Let w(i) = -96*i - 646. Calculate w(-7).
26
Let w(c) = 43*c + 617. Calculate w(-13).
58
Let o(c) = -274*c**3 - 2*c**2 - 5*c - 2. Determine o(-1).
275
Let j(i) = i**2 + 3*i - 3413. Determine j(57).
7
Let k(o) = 317*o**2 - 90027*o - 279. What is k(284)?
5
Let n(g) = 63*g**2 + 436*g - 31. What is n(-7)?
4
Let a(v) = v**2 - 44*v + 343. Determine a(34).
3
Let d(r) = 2*r**3 + 25*r**2 - 36*r - 41. Determine d(-14).
-125
Let g(r) = 26*r - 47. What is g(-6)?
-203
Let t(p) = 314*p - 1030. Determine t(3).
-88
Let m(s) = s**3 + 16*s**2 - 8*s - 4. Calculate m(-7).
493
Let v(f) = 2*f**2 - 48*f - 227. Calculate v(28).
-3
Let l(y) = 2*y**2 - 288*y - 1169. Calculate l(148).
15
Let d(f) = -5*f**2 - 84*f + 85. What is d(-17)?
68
Let p(x) = -x**3 - 39*x**2 + 37*x - 142. What is p(-40)?
-22
Let r(l) = -9*l**3 - 3*l**2 - 6*l + 11. What is r(2)?
-85
Let j(y) = -2*y**2 - 11*y + 16. Give j(6).
-122
Let a(i) = 5*i**3 + 113*i**2 - 173*i - 124. Calculate a(-24).
-4
Let g(u) = 5*u**2 - 153*u - 3. Calculate g(29).
-235
Let g(k) = 18*k + 43. What is g(0)?
43
Let c(v) = 173*v - 23876. Determine c(138).
-2
Let c(u) = -86*u**2 + 5761*u + 24. What is c(67)?
-43
Let k(x) = 59*x - 348. What is k(6)?
6
Let t(p) = p**3 + 7*p**2 - 46*p - 74. Calculate t(-10).
86
Let n(f) = 62*f - 3413. Calculate n(55).
-3
Let w(v) = -v**2 - 25*v + 3768. Calculate w(50).
18
Let q(s) = 29*s**2 + 40*s - 211. Determine q(5).
714
Let s(y) = -12*y**2 - 8*y + 43. Give s(4).
-181
Let n(f) = -152*f**2 - 1978*f - 13. Determine n(-13).
13
Let r(n) = 1705*n + 18745. Give r(-11).
-10
Let m(u) = -u**2 + 37*u + 10. Determine m(6).
196
Let d(j) = -j**3 - 89*j**2 - 45*j - 3994. Give d(-89).
11
Let x(d) = -8*d**3 - 56*d**2 + 32*d + 484. Calculate x(-6).
4
Let a(j) = 2*j**3 - 61*j**2 - 187*j - 9. What is a(-3)?
-51
Let k(t) = -4*t**2 + 221*t + 674. What is k(-3)?
-25
Let t(o) = -8*o + 21. What is t(6)?
-27
Let l(d) = 538*d + 4294. Give l(-8).
-10
Let d(q) = -487*q + 7786. Calculate d(16).
-6
Let j(p) = 2889*p - 222461. What is j(77)?
-8
Let v(f) = -f**3 + 4*f**2 - 2*f - 7. Determine v(-4).
129
Let a(w) = w**3 - 27*w**2 + 64*w - 206. Give a(25).
144
Let b(z) = 2*z**3 + 6*z**2 - 264*z - 13. Determine b(-13).
39
Let g(w) = -w**3 - 12*w**2 + 61*w - 49. What is g(-16)?
-1
Let y(q) = -11*q**2 + 131*q - 3. Give y(12).
-15
Let h(y) = 4*y**3 + 29*y**2 + 12*y + 1226. Calculate h(-10).
6
Let k(z) = -2*z**3 - 118*z**2 + 110*z - 608. Calculate k(-60).
-8
Let y(h) = 2*h**2 - 83*h + 280. Calculate y(36).
-116
Let